 1216 and 3960759?
19
Calculate the highest common divisor of 1170 and 1846845.
585
Calculate the highest common divisor of 382 and 133165391.
191
What is the greatest common divisor of 646168 and 1834460?
5476
Calculate the greatest common factor of 91341 and 507.
3
Calculate the greatest common factor of 51 and 2925598.
17
What is the greatest common divisor of 1060 and 7350835?
265
What is the highest common divisor of 571507 and 53303?
353
What is the highest common factor of 296 and 288991386?
74
What is the highest common divisor of 4354 and 1310638903?
2177
Calculate the highest common divisor of 1955240 and 2296.
56
Calculate the highest common factor of 980 and 288453788.
196
What is the highest common factor of 291717998 and 3224?
806
What is the greatest common factor of 96 and 8779488?
96
Calculate the highest common factor of 107139 and 1562.
71
Calculate the highest common factor of 276 and 1810974.
138
What is the highest common divisor of 868438 and 614314?
362
Calculate the highest common divisor of 82839 and 495471.
1563
What is the highest common factor of 10102752 and 192?
96
Calculate the highest common divisor of 38446550 and 710.
10
What is the highest common divisor of 69598 and 3346756?
3026
What is the highest common divisor of 2924 and 87634?
86
Calculate the highest common divisor of 44288 and 837320.
1384
What is the highest common factor of 1538459875 and 125?
125
Calculate the highest common divisor of 552669694 and 34.
34
What is the greatest common divisor of 58790064 and 5904?
1968
What is the greatest common divisor of 167879868 and 156?
156
Calculate the highest common divisor of 2605920 and 16680.
120
Calculate the highest common divisor of 72726693 and 65.
13
What is the highest common factor of 16492837 and 31?
31
Calculate the highest common divisor of 420 and 78095910.
30
What is the highest common divisor of 96426 and 661716?
198
What is the highest common divisor of 13586 and 6580?
2
What is the highest common divisor of 13918395 and 795?
15
Calculate the highest common factor of 13010 and 588695995.
6505
What is the highest common divisor of 592003994 and 118?
118
Calculate the greatest common factor of 57919 and 51312827.
3407
Calculate the highest common factor of 2925 and 780741.
117
Calculate the greatest common factor of 1304 and 137815848.
1304
What is the greatest common divisor of 6388040 and 140?
20
Calculate the greatest common factor of 795126 and 24386.
178
Calculate the highest common divisor of 1582798 and 124.
62
Calculate the greatest common divisor of 3066588 and 845982.
774
What is the greatest common divisor of 2242266 and 65059?
1513
What is the greatest common factor of 42876 and 11466?
18
What is the highest common divisor of 23043 and 14371151?
7681
What is the greatest common divisor of 110547132 and 48?
12
What is the greatest common factor of 528 and 30078168?
24
Calculate the highest common factor of 71823960 and 3744.
936
Calculate the highest common factor of 44 and 298876.
4
Calculate the greatest common factor of 16985840 and 30320.
80
Calculate the highest common factor of 279 and 13936143.
93
Calculate the highest common factor of 4096 and 20368384.
1024
What is the highest common divisor of 143528 and 4444708?
932
What is the greatest common divisor of 1152 and 9855?
9
What is the greatest common factor of 264192998 and 1002?
334
What is the greatest common factor of 2779744 and 7601?
11
Calculate the greatest common factor of 1690 and 47415485.
845
What is the greatest common factor of 825 and 73488459?
33
Calculate the greatest common factor of 360144 and 16607952.
5904
Calculate the greatest common divisor of 415310174 and 16370.
3274
Calculate the greatest common factor of 12327 and 2044521.
1761
Calculate the greatest common factor of 731 and 204187.
17
Calculate the highest common factor of 351459164 and 2180.
436
Calculate the greatest common divisor of 285 and 156978.
57
Calculate the greatest common divisor of 38 and 2072522.
2
Calculate the highest common factor of 2175037 and 674053.
6949
Calculate the greatest common divisor of 339814 and 6550.
262
What is the greatest common factor of 2396596 and 44?
4
Calculate the highest common divisor of 13 and 52630968.
13
What is the greatest common factor of 5635922 and 4904?
1226
What is the highest common factor of 112 and 7671076?
28
Calculate the highest common divisor of 15473768 and 1356.
452
What is the greatest common factor of 3 and 705115?
1
Calculate the greatest common factor of 174092 and 1988.
284
What is the greatest common divisor of 1323706 and 57570?
202
Calculate the greatest common factor of 1152 and 10841184.
288
What is the highest common divisor of 11344630 and 935?
55
What is the highest common divisor of 5196637 and 6185?
1237
Calculate the greatest common divisor of 1988 and 29620416.
28
Calculate the highest common factor of 29969295 and 11865.
1695
What is the greatest common factor of 1242300 and 1148?
164
What is the greatest common factor of 63932 and 10296?
44
What is the highest common factor of 117 and 77209431?
39
Calculate the highest common factor of 10696 and 16442216.
56
What is the highest common divisor of 496109 and 133?
19
What is the greatest common factor of 16226 and 1838174?
2318
What is the greatest common divisor of 510 and 706056240?
510
Calculate the highest common divisor of 705965 and 25805.
65
Calculate the highest common divisor of 35166342 and 54.
6
What is the highest common divisor of 2147 and 110747006?
113
Calculate the greatest common divisor of 108817 and 20581118.
2941
Calculate the greatest common factor of 51710049 and 299.
23
Calculate the highest common divisor of 856 and 18490456.
856
Calculate the highest common divisor of 20 and 37253300.
20
What is the highest common divisor of 2259593 and 107184?
203
Calculate the highest common divisor of 364 and 2389361.
13
Calculate the highest common divisor of 2834323 and 107.
107
Calculate the greatest common divisor of 886911 and 879.
879
What is the greatest common factor of 11111 and 248993?
41
Calculate the highest common factor of 708456 and 13272.
168
Calculate the greatest common factor of 15837336 and 432.
216
Calculate the greatest common divisor of 4105602 and 510.
102
Calculate the highest common divisor of 8176 and 880964.
2044
What is the greatest common divisor of 95660928 and 352?
352
Calculate the greatest common divisor of 74245 and 452655.
2395
Calculate the greatest common factor of 114988 and 102136.
68
What is the greatest common factor of 131571999 and 39?
39
Calculate the greatest common factor of 439586 and 86968.
14
Calculate the greatest common factor of 3497 and 1094119.
13
Calculate the highest common divisor of 256278 and 1051611.
363
Calculate the highest common factor of 1516163 and 1227.
409
Calculate the highest common divisor of 107429 and 477694.
1043
Calculate the greatest common divisor of 2765940 and 12120.
60
What is the greatest common divisor of 2903286334 and 6994?
6994
What is the greatest common divisor of 384345 and 4878?
9
What is the highest common factor of 40 and 23536200?
40
What is the greatest common factor of 16 and 4367908?
4
Calculate the greatest common factor of 9656 and 7785728.
136
What is the greatest common factor of 495 and 293560?
5
What is the highest common factor of 1568 and 94464944?
784
Calculate the greatest common factor of 56879 and 19297.
23
Calculate the greatest common factor of 76 and 18005198.
38
What is the greatest common divisor of 3832 and 443075?
479
Calculate the greatest common factor of 15352 and 5626912.
808
Calculate the greatest common factor of 407920 and 1280.
80
What is the highest common factor of 189446387 and 3561?
1187
What is the greatest common divisor of 6682 and 164008?
26
What is the greatest common factor of 59077709 and 4?
1
Calculate the greatest common factor of 40858080 and 384.
96
Calculate the greatest common divisor of 935165 and 423687.
3817
Calculate the greatest common divisor of 10150992 and 70650.
2826
Calculate the highest common factor of 19638934 and 124.
62
What is the greatest common divisor of 1972083825 and 46?
23
Calculate the highest common factor of 632888 and 104.
8
What is the 